 divisor of 95 and z?
19
Let j(c) = -c**2 - 11*c - 9. Let i be j(-9). What is the greatest common factor of 117 and i?
9
Let f(c) = 5*c**2 - c + 3. Let b be f(-3). Suppose 4*q - b + 3 = 0. Calculate the greatest common factor of 60 and q.
12
Let t be 9/15 + 64/10. What is the highest common divisor of 21 and t?
7
Let l = 32 - -13. Calculate the greatest common factor of l and 30.
15
Let l = 148 - 143. Let u(b) = b**2 + b + 1. Let t be u(-1). Let d = 2 - t. Calculate the highest common factor of d and l.
1
Let v be 557/(-5) - 12/20. Let k = 184 + v. Calculate the greatest common divisor of k and 24.
24
Let p(j) = j**2 + 17*j + 3. Let x be p(-17). Suppose -v + 0*v = -x. Suppose 13 = s + b, -b + 2 = -2. What is the highest common factor of s and v?
3
Suppose -50 = -2*b - 2*m, 5*m + 85 = 4*b + 4*m. Suppose g - b = -0. Let t = -592 + 834. Calculate the highest common divisor of t and g.
22
Let i(c) = -c**3 + 7*c**2 - 7*c + 6. Let v be i(5). Suppose 2 + 7 = 3*r. What is the highest common factor of v and r?
3
Suppose 3*l + 2*x - 29 = 0, -2*l + 2*x + 42 = 6. Calculate the greatest common factor of l and 65.
13
Suppose 0 = 10*q - 5*q - 380. What is the highest common factor of q and 19?
19
Suppose 5*s = -o + 14, 4*s + 2*o = -0*s + 16. Suppose j = -1, -4*d + 3*j = -2*d - 13. Suppose d*k - 3*k = 36. What is the highest common factor of k and s?
2
Suppose 2*n - 180 = -0*n - 2*c, 5*n - 3*c = 450. What is the greatest common divisor of n and 36?
18
Let f(u) = -u - 6. Let m be f(-9). Suppose m*v = -v + 68. Suppose -5*t + 43 = -v. What is the highest common factor of t and 72?
12
Suppose 5*g - 119 = 241. Let q(l) be the second derivative of -l**3/3 + 9*l**2/2 - l. Let m be q(0). What is the highest common factor of g and m?
9
Let j = -10 - -24. Let p = -3 - -6. Suppose 4*o - p*o = j. Calculate the greatest common factor of 42 and o.
14
Let t(c) = -c**2 + 4*c + 16. Let h be t(0). Calculate the greatest common factor of 8 and h.
8
Let s(x) = x - 1. Let z be s(5). Suppose -z*v + 90 = -2*v. Suppose -4*r = 51 - 171. Calculate the highest common divisor of r and v.
15
Let p(g) = -34*g - 4. Let s be p(-5). Suppose -3*u = -5*o + s, -u - 3*u - 8 = 0. Calculate the greatest common factor of 8 and o.
8
Let z be ((-20)/(-7))/((-6)/(-21)). Calculate the greatest common divisor of z and 20.
10
Let u be (-2)/(-2 + 6/4). Suppose 0*s - s - 90 = u*n, -3*s = -2*n + 298. Let z = s + 314. What is the greatest common factor of 24 and z?
24
Suppose 3*a = 46 - 40. Calculate the greatest common divisor of a and 2.
2
Let x = 61 + 4. Suppose -4*g = -9 + 1. Suppose -g*w + 3*y = 4*y - 24, 0 = -3*w + 5*y + 49. What is the greatest common factor of w and x?
13
Let h(o) = o**2 - o - 4. Let q be h(-3). What is the greatest common divisor of 40 and q?
8
Let g = 21 + -13. Suppose 0*y + 40 = 5*y. Calculate the highest common divisor of y and g.
8
Suppose -7*a + 228 = 81. Calculate the highest common divisor of 14 and a.
7
Suppose -3*v + 5 = u + 1, -2*v + 3*u = -10. Let p be v/4 + 102/4. Calculate the highest common divisor of 39 and p.
13
Suppose -2*o - 34 + 106 = 0. Let m = 4 + -2. Suppose 3*x - 24 = m*x. Calculate the greatest common factor of o and x.
12
Let y(f) = -13*f + 5. Let r be y(-5). Calculate the highest common divisor of 28 and r.
14
Suppose 3*t = -2*i - 0 - 1, -5*t - 25 = 0. Suppose -5*k = 2*o + 3*o - 230, 2*o - 86 = -4*k. Calculate the greatest common factor of i and o.
7
Let k = 27 - 19. Suppose h + 0 = k. What is the highest common divisor of h and 24?
8
Suppose -4*l = -4*v - 20, 4*v - 1 = 3*l - 21. Let m = 10 - l. Suppose -4*o + 320 = -0*o. What is the greatest common factor of m and o?
10
Suppose 2*f - 3 = -4*g - 7, -4*f + 37 = -g. What is the greatest common factor of f and 4?
4
Let n be 7 - 2*1/2. Suppose 0 = -0*k - 2*k + 2*s + 92, -68 = -2*k - 4*s. Suppose 0 = -0*r + r - k. Calculate the greatest common factor of n and r.
6
Suppose 0 = c - 4*k - 13, -2*c + 2 = 2*k - 4. Suppose -c*o + 0*o + 15 = 0. Suppose o*u - 22 = 62. Calculate the greatest common factor of 7 and u.
7
Suppose 0*k + k = 11. Suppose -5*i + i + 308 = 0. What is the greatest common factor of i and k?
11
Let s be 10 - (-2 - (-5 - -2)). Suppose 0 = -k + 2*k + 30. Let m = k + 102. Calculate the greatest common factor of s and m.
9
Suppose 0 = t + 3*o + o - 2, 5*t = -3*o + 10. Suppose 0 = u + 3*y - 36, 0 = t*u + 2*y - 68 - 20. Calculate the highest common factor of 32 and u.
16
Suppose -3*p = -c - 0*p + 31, 5*p = 4*c - 103. Calculate the greatest common factor of 242 and c.
22
Let k = -5 - -10. Let j = k - 3. Suppose j*c + 6 = 3*c. Calculate the greatest common divisor of 18 and c.
6
Suppose -9*b + 4*b + 60 = 0. Suppose -6 = -0*a - a. Calculate the greatest common factor of b and a.
6
Let f = 13 + -2. Let l = 5 - -6. Calculate the greatest common divisor of f and l.
11
Let d(b) be the first derivative of 3*b**2 - 8*b - 2. Let o be d(7). Calculate the highest common factor of 17 and o.
17
Let w = 15 - 11. Suppose w*i - 48 = -0*i. What is the greatest common divisor of 3 and i?
3
Let k = 18 - 12. Let s be 1*28*2/(-4). Let b be ((-10)/(-6))/(s/(-252)). Calculate the greatest common divisor of b and k.
6
Let j be (9*14)/(2 - 1). Let v = -6 - -5. Let h be v/(1/(-3)) + 11. What is the greatest common factor of j and h?
14
Let w be 2/(2/3) - 2. Let m = 5 - w. Calculate the greatest common divisor of m and 1.
1
Suppose -p + 3*a + 25 = -80, -200 = -2*p + 4*a. Suppose -g + 5*g - 24 = 0. Let r be (-2 + (-22)/(-6))*g. What is the greatest common divisor of p and r?
10
Suppose -15 = -2*u + 5*n + 3, 3*u - n = 27. What is the greatest common factor of 72 and u?
9
Suppose v + 1 = 2*v. Suppose -5*o - 6 = 19. Let c be ((-6)/(-4))/(o/(-10)). What is the greatest common divisor of c and v?
1
Let m(b) = -b**3 - b**3 - 6*b**2 - 2*b + 2 - 2*b. Let q be m(-7). Let n = -268 + q. Calculate the greatest common divisor of n and 14.
14
Let t = -170 - -280. Calculate the greatest common divisor of 22 and t.
22
Let b(o) = o**2 + 4*o - 9. Let i be b(-8). Suppose 5*a - 23 = -3*z, -3*z + i + 12 = -a. Let g = 127 - 72. Calculate the greatest common factor of z and g.
11
Suppose g - 38 = y + 4*y, 5*y - 4*g = -47. Let o be (-3)/(-1 - (-14)/8). Let b = o - y. What is the highest common factor of 2 and b?
1
Suppose -3*j = 3 - 0, j + 28 = 3*h. What is the highest common factor of 9 and h?
9
Suppose -v + 126 = 2*v. Suppose -3*p = -6*p + v. Calculate the greatest common factor of p and 14.
14
Let c = 3 + -4. Let z = c + -2. Let x be 7 + -4 + z + 1. What is the highest common divisor of x and 2?
1
Let w be 28/(-21)*9/2. Let j(l) = -l**3 - 6*l**2 - l - 5. Let h be j(w). Let f be 16/(h/(2 - -1)). What is the greatest common factor of f and 12?
12
Let p = 45 + -30. Calculate the highest common divisor of 10 and p.
5
Suppose 0 = -5*d + p + 476 + 561, 5*p = 3*d - 631. Suppose 72 = -3*u + d. Let o be 4/(-10) - (-308)/20. What is the highest common divisor of o and u?
15
Let i(k) be the first derivative of k**3/3 + 1. Let r be i(2). What is the highest common factor of r and 6?
2
Let g = 10 + 0. Let y(l) = -l**2 - l + 1. Let x = -4 - -3. Let h be y(x). Calculate the greatest common divisor of h and g.
1
Let h = 10 + 123. Suppose 4*x - 8*x + 79 = -3*m, 2*x - 3*m = 41. Calculate the highest common divisor of h and x.
19
Let f = -29 + 32. Calculate the greatest common factor of f and 27.
3
Let w = -4 + 7. Suppose 2*r + 0*r = -4*h + 720, 2*h - 360 = 2*r. Suppose -u = -w*u + h. What is the highest common divisor of u and 10?
10
Let y = -2 - -2. Suppose y = 5*p - 4 - 11. Calculate the greatest common divisor of p and 3.
3
Suppose 25 + 35 = 2*r. What is the highest common divisor of 10 and r?
10
Suppose w = n - 5*n + 31, 2*w - 3*n = 84. Let s = -18 + w. What is the highest common factor of 63 and s?
21
Let k = -106 - -168. Let g = -34 + k. What is the greatest common factor of 14 and g?
14
Let c(k) = k**2 - 8*k + 26. Let x be c(7). What is the highest common factor of 152 and x?
19
Let l = 14 - 5. Let r be 97/l + 12/54. Calculate the greatest common factor of r and 44.
11
Let r(g) = g**3 - 7*g**2 + 5*g + 1. Let f be r(9). What is the highest common divisor of f and 26?
26
Suppose -3*h = -h - 4, 60 = 3*y + 3*h. Calculate the greatest common divisor of y and 72.
1